uppose 3*t = -0*i - i + 35, -4*t + 125 = p*i. What is the remainder when 139 is divided by i?
45
Let p(i) = -21*i - 4. Suppose 3*x - 8 = 1. Let g be p(x). Let t = -45 - g. What is the remainder when 85 is divided by t?
19
Let a = 24 + -19. Suppose a*d = 3*y + 20, 5*y - 3*d + 5*d = 8. What is the remainder when 59 is divided by ((1 - y) + -2)*-31?
28
Let h(b) = 36*b**2 + 6*b - 3*b - 42*b**2 + 4*b + 5 - 2*b**3. What is the remainder when h(-5) is divided by 12?
10
Let g = 735 - 579. Suppose -u + 40 = -0*u. Calculate the remainder when g is divided by u.
36
Let j be 1*(6 + -2 + -6). Let t be j + 1 + 54/2. Suppose -24 = -5*y + t. Calculate the remainder when 38 is divided by y.
8
Let r(b) = b**2 - 7*b + 10. Suppose -5*c = -5*z - 10, -2*c = -2*z + 4*z - 24. Calculate the remainder when (61 - -17)/(-1 - -3) is divided by r(c).
9
Let k be -1*(7/1 + 2). Let g be 201/k - (-8)/(-12). Calculate the remainder when (4/4 - 2)*g is divided by 12.
11
Suppose 6*x - 4*k = 5*x + 304, -x = 4*k - 296. What is the remainder when x is divided by 78?
66
Suppose -1523*n + 1526*n - 69 = 0. Calculate the remainder when 83 is divided by n.
14
Let t = 118 + -71. Calculate the remainder when t is divided by 10.
7
Suppose t + 18 = 4*b, 16 = 5*b - 2*t + 4*t. Suppose -2*g + 330 = 4*s, -1 = -b*g + 3. What is the remainder when s is divided by 21?
19
Suppose f + 288 - 340 = 0. Calculate the remainder when 101 is divided by f.
49
Let s = -1305 + 1783. What is the remainder when s is divided by 12?
10
Let j = 50 - 45. Suppose 16 = j*w - 3*w. What is the remainder when 30 is divided by w?
6
Let s(z) = 6*z**2 - 4*z - 3. Let u be s(-1). Suppose -u = 5*m - 22. Calculate the remainder when m is divided by 2.
1
Let q(y) = 3*y + 2. Let w be q(1). Suppose -w*v = -n + 5*n - 50, 3*v = 2*n + 52. Calculate the remainder when v is divided by 15/2 + (-2)/(-4).
6
Suppose -z = -2*c + c + 21, 3*c + 5*z = 23. What is the remainder when 237 is divided by c?
13
Let q = 247 - 222. What is the remainder when 174 is divided by q?
24
Suppose -a = i - 1391, 23*i = 20*i. Calculate the remainder when a is divided by 9.
5
Let w(b) = -357*b + 7165. Let l(i) be the second derivative of 8*i**3/3 + i**2 + i. What is the remainder when l(6) is divided by w(20)?
23
Suppose -4*o + 2*d + 276 = 0, -2*d + 38 + 325 = 5*o. Calculate the remainder when o is divided by 24.
23
Let l = 100 + -71. Let b(x) = 63*x**3 + 2*x**2 + 12*x - 14. Calculate the remainder when b(1) is divided by l.
5
Suppose 21 = 4*b - 63. Suppose -4*s - 120 = c - 202, 5*s - 328 = -4*c. Calculate the remainder when c is divided by b.
19
Let r be ((-6)/(-8))/(60/80). Suppose r + 18 = z. Calculate the remainder when 2/(-3) - 565/(-15) is divided by z.
18
Suppose k - 30 = 4*k - 3*x, 5*k = -2*x - 15. Calculate the remainder when (-214)/(-4)*k/((-25)/10) is divided by 27.
26
Let d = 8 + -4. Suppose -p - 3*p - 3*n = -21, -3*n = -4*p + 3. Suppose p*m + 50 = 8*m. What is the remainder when m is divided by d?
2
Let y = 1072 - 1052. Calculate the remainder when 576 is divided by y.
16
Suppose -q - j = -1, -2*j - 13 = -q + j. Suppose 0 = 3*c - 3, -q*h - 33 = -6*h + 3*c. Calculate the remainder when 52 is divided by h.
16
Let x(g) = -6*g - 4. Suppose -4*u = 5*w - 65, 3*w = w - u + 23. What is the remainder when x(-5) is divided by w?
8
Let l = 813 + -442. Suppose 4*v - 189 = l. Suppose 2*c - 5*s = v - 39, 3*s - 137 = -4*c. What is the remainder when 149 is divided by c?
35
Let q(x) = -4*x**2 + 96*x - 83. Let l(h) = h**2 + 3*h + 5. What is the remainder when l(4) is divided by q(23)?
6
Suppose 2*z + 8 = -2*a, -2*z = 4*a - 5*z + 2. Let n = 9 - a. Calculate the remainder when n is divided by 3 - (-3)/(2 + 1).
3
Suppose 4*g + 7 = 3*g. Calculate the remainder when -3 + g/(35/(-500)) is divided by 11.
9
Let n(g) = -g**3 + 16*g**2 - 15*g - 31. Calculate the remainder when n(14) is divided by 36.
7
Let a = 47 - 44. Suppose 0 = -2*k - 6, -a*r - 4*k + 321 = -0*r. What is the remainder when r is divided by 16?
15
Let j(l) = -16*l**2 + 370*l - 4. What is the remainder when j(23) is divided by 10?
2
Let j(o) = -15*o - 7. Let c = 0 + 5. Let w be j(c). Let g = -35 - w. Calculate the remainder when g is divided by 16.
15
Let t(h) = -11*h + 2. Let a(w) = 2*w**2 - 25*w - 97. What is the remainder when t(-6) is divided by a(-4)?
33
Suppose -2*u = 3*q - 368, -q - 55 = -4*u - 201. What is the remainder when q is divided by 12?
6
Let q = -13 - -31. Let n(y) = 2*y**2 - 5*y - 25. Calculate the remainder when n(-5) is divided by q.
14
Suppose 0 = v - t - 199, 2*t + 1821 = 9*v - t. What is the remainder when v is divided by 23?
20
Suppose m - 8 = -3*m. Suppose -4*r = -5*q + m*q + 305, r + 411 = 4*q. Let u = q + -73. What is the remainder when u is divided by 8?
6
Let p = -28 + 46. Let o be (-4 - -5) + -3 + 28. Let y = o - 16. What is the remainder when p is divided by y?
8
Let k be (-6)/15 - (-16)/(-10). Let c = -9235 - -9272. What is the remainder when (k/(-3))/(2/213) is divided by c?
34
Let r be 3/2*300/45. Suppose 13*s = r*s + 81. Calculate the remainder when 106 is divided by s.
25
Suppose 5*g + 3*m - 57 - 140 = 0, 125 = 3*g - 5*m. Calculate the remainder when 159 is divided by g.
39
Let a = -20 - -58. Let j be a/(-4)*(-3 - -1). Let b = -7 + j. What is the remainder when 23 is divided by b?
11
Let n = 30 - 4. Let i(u) = u**3 + 15*u**2 - 3*u - 30. Calculate the remainder when n is divided by i(-15).
11
Suppose 8*i - 3434 = 22. Calculate the remainder when i is divided by 29.
26
Let u = 1807 - 1780. Calculate the remainder when u is divided by 19.
8
Suppose -5*h - 3*q + 40 = -55, 0 = -3*q - 15. Suppose -h*n + 147 = -15*n. What is the remainder when 69 is divided by n?
6
Let g = -14 + -27. Let k = g + 65. What is the remainder when ((-38)/6)/((-8)/k) is divided by 11?
8
Suppose 5*m = 10*m. Suppose 4*s - 7 - 85 = m. Suppose 3*j - 19 = 17. Calculate the remainder when s is divided by j.
11
Suppose 2*u - 158 + 58 = 0. What is the remainder when 247 is divided by u?
47
Let u = 2 - -17. Let c be 32/6*(-5 - 145/(-20)). Let g = 66 - c. Calculate the remainder when g is divided by u.
16
Let o(q) be the first derivative of -q**4/4 - q**3 + q**2/2 + 61*q - 22. Calculate the remainder when o(0) is divided by 16.
13
Suppose 2*j + j = 312. Suppose -13*k - 105 = -18*k. Calculate the remainder when j is divided by k.
20
Let z(y) = 5*y - 1. Calculate the remainder when 68 is divided by z(4).
11
Let c = 96 - 90. What is the remainder when ((-9)/5)/((-1)/5) is divided by c?
3
Suppose 15 - 58 = h - 3*w, -228 = 4*h + 2*w. What is the remainder when 22 is divided by 22/h*30/(-2)?
4
Let a = 16 - -7. Calculate the remainder when 7667/85 - (-16)/20 is divided by a.
22
Suppose -2*x = 35*o - 32*o - 34, 3*x - 51 = -o. What is the remainder when (4 - 2)/(2/29) is divided by x?
12
Let h be (-1 + (-2)/(-3))*-9. Suppose 2*r - 2*t - 38 = -6*t, h*r = -2*t + 37. What is the remainder when 26 is divided by r?
8
Let m be (-1435)/(-25) + (-2)/5. Let z = m + -53. Suppose -3*n - 11 = -53. Calculate the remainder when n is divided by z.
2
Let o(w) = -w**2 - 6*w - 4. Let s be o(-6). Let p = s + 30. Suppose -3*u = -p - 1. What is the remainder when 34 is divided by u?
7
Let h = -255 - -282. Calculate the remainder when 484 is divided by h.
25
Suppose 11 = -5*b + 26. Let y = -11 - -30. Suppose -y = -b*j - 1. Calculate the remainder when 22 is divided by j.
4
Let f(t) = -t**3 - 9*t**2 + 5*t + 3. Calculate the remainder when f(-10) is divided by 10.
3
Suppose -7*q - 2 = 40. Let w(y) = -y**2 - 4*y + 5. Let j be w(q). Let g = j + 14. Calculate the remainder when 20 is divided by g.
6
Let u(b) be the third derivative of -b**5/60 + b**4/24 + 5*b**3/3 + b**2. Let c be u(3). Let y = 9 + c. Calculate the remainder when 50 is divided by y.
11
Let l(s) = 25*s - 6. Suppose 24 - 88 = -2*u. Calculate the remainder when l(4) is divided by u.
30
Suppose 10 = -4*g - 10, 784 = w - 3*g. Suppose -3*u - 302 = -2*b - 0*b, -5*b = -4*u - w. Calculate the remainder when b is divided by 40.
37
Let i(d) = 2*d - 28. Suppose -z + 4*n = -38, -z - 3*n + 13 = -2*n. What is the remainder when i(z) is divided by 5?
3
Suppose 0 = 3*s + o - 281, 0 = -17*s + 15*s - 2*o + 190. What is the remainder when 327 is divided by s?
48
Let m(d) = 2*d - 2*d + 17 + 4 - 2*